{"id":1532,"date":"2012-12-23T12:32:28","date_gmt":"2012-12-23T12:32:28","guid":{"rendered":"http:\/\/lllearning.free-h.net\/GRAF\/?page_id=1532"},"modified":"2012-12-23T12:32:28","modified_gmt":"2012-12-23T12:32:28","slug":"agenda","status":"publish","type":"page","link":"https:\/\/cis-h.fr\/AGRAF\/6-index-des-rencontres\/agenda\/","title":{"rendered":"Agenda"},"content":{"rendered":"<p><span style=\"font-size: x-large;\"><strong>Les manifestations\u00a0 du GRAF<\/strong><\/span><\/p>\n<blockquote>\n<h2>2016<\/h2>\n<p style=\"padding-left: 30px;\">Symposium Plougrescant, 14-16 mai 2016<\/p>\n<p style=\"padding-left: 30px;\"><strong>9\u00e8me Colloque international de l&rsquo;autoformation,<\/strong> <a href=\"http:\/\/lllearning.free-h.net\/GRAF\/?page_id=1969\">Angers, 26-28 octobre 2016<\/a><\/p>\n<h2>2015<\/h2>\n<p style=\"padding-left: 30px;\">Symposium Plougrescant, <a href=\"http:\/\/lllearning.free-h.net\/GRAF\/?p=1816\">27-25 mai 2015<\/a><\/p>\n<h2>2014<\/h2>\n<p>&#8211;\u00a0\u00a0\u00a0 <a href=\"http:\/\/lllearning.free-h.net\/GRAF\/?p=1695\">8\u00e8me Colloque international de l&rsquo;autoformation : Strasbourg, 29-31 octobre 2014<\/a><\/p>\n<p>&#8211;\u00a0\u00a0\u00a0<a href=\"http:\/\/lllearning.free-h.net\/GRAF\/?p=1686\"> Autoformation,<\/a><em><a href=\"http:\/\/lllearning.free-h.net\/GRAF\/?p=1686\"> capabilities et   empowerment<\/a> <\/em>\u2013 Andr\u00e9 Moisan\u00a0 le 12 f\u00e9vrier<\/p>\n<p>&#8211;\u00a0\u00a0 Une journ\u00e9e le 13 f\u00e9vrier en pr\u00e9vision de la   <a href=\"http:\/\/lllearning.free-h.net\/GRAF\/?p=1665\">parution du n\u00b0 de Pratique de formation-Analyses<\/a><\/p>\n<h2><strong>Id\u00e9es\u00a0   pour 2013<\/strong><strong> <\/strong><\/h2>\n<p>&#8211;\u00a0\u00a0 \u00ab\u00a0Art, autoformation, \u00e9co formation\u00a0\u00bb organis\u00e9e par Odile       Descamps<\/p>\n<p>&#8211;\u00a0\u00a0 <em>Les situations d\u2019autoformation   dans les FOAD<\/em> \u2013 Viviane Glikman.<\/p>\n<p>&#8211;\u00a0\u00a0\u00a0\u00a0\u00a0\u00a0\u00a0\u00a0\u00a0   <em>Initiative individuelle et engagement en formation<\/em> \u2013   Andr\u00e9 Moisan, Clarisse Forteco\u00ebf\u00a0?<\/p>\n<p>&#8211;\u00a0\u00a0\u00a0\u00a0\u00a0\u00a0\u00a0\u00a0\u00a0   <em>Outils et m\u00e9thodes pour la formation tout au long de la vie<\/em> \u2013 Andr\u00e9 Moisan et Martine Morisse\u00a0?<em> <\/em><\/p>\n<p>&#8211;\u00a0\u00a0\u00a0\u00a0\u00a0\u00a0\u00a0\u00a0\u00a0   <em>Autoformation chevill\u00e9e au corps<\/em> \u2013 G\u00e9rard Gigand<\/p>\n<p><span style=\"font-size: medium;\"><strong>Plus tard <\/strong>: <\/span><span style=\"font-size: small;\">des journ\u00e9es<\/span><br \/>\n&#8211; \u00ab\u00a0autoproduction et autoformation\u00a0\u00bb organis\u00e9e par Andr\u00e9 Moisan.<\/p>\n<p>&#8211; \u00ab\u00a0Autoformation et inter-culturalit\u00e9 dans les emplois de la famille\u00a0\u00bb   organis\u00e9e<br \/>\npar Fr\u00e9d\u00e9ric Haeuw, et M. Ferrari.<\/p>\n<p>&#8211;   <span style=\"font-size: small;\"> Journ\u00e9e       \u00ab\u00a0Autoformation et conscience de soi : pratiques       interculturelles\u00a0\u00bb , P. Galvani<\/span><\/p>\n<p>&nbsp;<\/p>\n<p>Projet       de Colloque \u00ab\u00a0Autoformation       et reconnaissance\u00a0\u00bb<br \/>\n<span style=\"font-size: x-small;\"> &#8211; <em>Consulter<\/em> le n\u00b0 23 de la revue MAUSS\u00a0 : De la reconnaissance. Don, identit\u00e9 et estime de soi (1er sem. 2004)       + un texte de pr\u00e9sentation (24 pages) d&rsquo;Alain Caill\u00e9 \u00e0 cette adresse :<br \/>\n<a href=\"http:\/\/www.revuedumauss.com.fr\/Pages\/S23.html\">http:\/\/www.revuedumauss.com.fr\/Pages\/S23.html<\/a><br \/>\n&#8211; <em>Consulter<\/em> : Ricoeur en reconnaissance d\u2019humanit\u00e9 Le  philosophe interroge la condition de l\u2019homme moderne \u00e0 travers un  parcours singulier dans       l\u2019histoire. Ses engagements et sa philosophie traversent le XXe  si\u00e8cle \u00e0 l\u2019abri des modes et des \u00e9coles. A plus de quatre-vingt-onze  ans, Paul Ricoeur d\u00e9couvre le chantier de la reconnaissance. Il le  creuse \u00e0 la fois comme un parcours cosmopolite de la singularit\u00e9 humaine  qui s\u2019arrache \u00e0 la m\u00e9connaissance de soi, \u00e0 l\u2019ignorance et au m\u00e9pris  des autres et comme la promesse fragile, la t\u00e2che toujours \u00e0 venir d\u2019un  don qui n\u2019attend pas de retour. Un horizon de paix et de concorde.<br \/>\n<a href=\"http:\/\/www.humanite.presse.fr\/journal\/2004-03-24\/2004-03-24-390682\">http:\/\/www.humanite.presse.fr\/journal\/2004-03-24\/2004-03-24-390682<\/a> <\/span><\/p><\/blockquote>\n","protected":false},"excerpt":{"rendered":"<p>Les manifestations du GRAF<\/p>\n<p> 2016 <\/p>\n<p style=\"padding-left: 30px;\">Symposium Plougrescant, 14-16 mai 2016<\/p>\n<p style=\"padding-left: 30px;\">9\u00e8me Colloque international de l&rsquo;autoformation, Angers, 26-28 octobre 2016<\/p>\n<p> 2015 <\/p>\n<p style=\"padding-left: 30px;\">Symposium Plougrescant, 27-25 mai 2015<\/p>\n<p> 2014 <\/p>\n<p>&#8211; 8\u00e8me Colloque international de l&rsquo;autoformation : Strasbourg, 29-31 octobre 2014<\/p>\n<p>&#8211; Autoformation, capabilities et empowerment \u2013 Andr\u00e9 Moisan le 12 f\u00e9vrier<\/p>\n<p>&#8211; [&#8230;]<\/p>\n","protected":false},"author":2,"featured_media":0,"parent":1483,"menu_order":0,"comment_status":"open","ping_status":"open","template":"","meta":{"footnotes":""},"class_list":["post-1532","page","type-page","status-publish","hentry","odd"],"_links":{"self":[{"href":"https:\/\/cis-h.fr\/AGRAF\/wp-json\/wp\/v2\/pages\/1532","targetHints":{"allow":["GET"]}}],"collection":[{"href":"https:\/\/cis-h.fr\/AGRAF\/wp-json\/wp\/v2\/pages"}],"about":[{"href":"https:\/\/cis-h.fr\/AGRAF\/wp-json\/wp\/v2\/types\/page"}],"author":[{"embeddable":true,"href":"https:\/\/cis-h.fr\/AGRAF\/wp-json\/wp\/v2\/users\/2"}],"replies":[{"embeddable":true,"href":"https:\/\/cis-h.fr\/AGRAF\/wp-json\/wp\/v2\/comments?post=1532"}],"version-history":[{"count":0,"href":"https:\/\/cis-h.fr\/AGRAF\/wp-json\/wp\/v2\/pages\/1532\/revisions"}],"up":[{"embeddable":true,"href":"https:\/\/cis-h.fr\/AGRAF\/wp-json\/wp\/v2\/pages\/1483"}],"wp:attachment":[{"href":"https:\/\/cis-h.fr\/AGRAF\/wp-json\/wp\/v2\/media?parent=1532"}],"curies":[{"name":"wp","href":"https:\/\/api.w.org\/{rel}","templated":true}]}}

<p><span style="font-size: x-large;"><strong>Les manifestations  du GRAF</strong></span></p>
<blockquote>
<h2>2016</h2>
<p style="padding-left: 30px;">Symposium Plougrescant, 14-16 mai 2016</p>
<p style="padding-left: 30px;"><strong>9ème Colloque international de l&rsquo;autoformation,</strong> <a href="http://lllearning.free-h.net/GRAF/?page_id=1969">Angers, 26-28 octobre 2016</a></p>
<h2>2015</h2>
<p style="padding-left: 30px;">Symposium Plougrescant, <a href="http://lllearning.free-h.net/GRAF/?p=1816">27-25 mai 2015</a></p>
<h2>2014</h2>
<p>&#8211;    <a href="http://lllearning.free-h.net/GRAF/?p=1695">8ème Colloque international de l&rsquo;autoformation : Strasbourg, 29-31 octobre 2014</a></p>
<p>&#8211;   <a href="http://lllearning.free-h.net/GRAF/?p=1686"> Autoformation,</a><em><a href="http://lllearning.free-h.net/GRAF/?p=1686"> capabilities et   empowerment</a> </em>– André Moisan  le 12 février</p>
<p>&#8211;   Une journée le 13 février en prévision de la   <a href="http://lllearning.free-h.net/GRAF/?p=1665">parution du n° de Pratique de formation-Analyses</a></p>
<h2><strong>Idées    pour 2013</strong><strong> </strong></h2>
<p>&#8211;   « Art, autoformation, éco formation » organisée par Odile       Descamps</p>
<p>&#8211;   <em>Les situations d’autoformation   dans les FOAD</em> – Viviane Glikman.</p>
<p>&#8211;            <em>Initiative individuelle et engagement en formation</em> –   André Moisan, Clarisse Fortecoëf ?</p>
<p>&#8211;            <em>Outils et méthodes pour la formation tout au long de la vie</em> – André Moisan et Martine Morisse ?<em> </em></p>
<p>&#8211;            <em>Autoformation chevillée au corps</em> – Gérard Gigand</p>
<p><span style="font-size: medium;"><strong>Plus tard </strong>: </span><span style="font-size: small;">des journées</span><br />
&#8211; « autoproduction et autoformation » organisée par André Moisan.</p>
<p>&#8211; « Autoformation et inter-culturalité dans les emplois de la famille »   organisée<br />
par Frédéric Haeuw, et M. Ferrari.</p>
<p>&#8211;   <span style="font-size: small;"> Journée       « Autoformation et conscience de soi : pratiques       interculturelles » , P. Galvani</span></p>
<p>&nbsp;</p>
<p>Projet       de Colloque « Autoformation       et reconnaissance »<br />
<span style="font-size: x-small;"> &#8211; <em>Consulter</em> le n° 23 de la revue MAUSS  : De la reconnaissance. Don, identité et estime de soi (1er sem. 2004)       + un texte de présentation (24 pages) d&rsquo;Alain Caillé à cette adresse :<br />
<a href="http://www.revuedumauss.com.fr/Pages/S23.html">http://www.revuedumauss.com.fr/Pages/S23.html</a><br />
&#8211; <em>Consulter</em> : Ricoeur en reconnaissance d’humanité Le  philosophe interroge la condition de l’homme moderne à travers un  parcours singulier dans       l’histoire. Ses engagements et sa philosophie traversent le XXe  siècle à l’abri des modes et des écoles. A plus de quatre-vingt-onze  ans, Paul Ricoeur découvre le chantier de la reconnaissance. Il le  creuse à la fois comme un parcours cosmopolite de la singularité humaine  qui s’arrache à la méconnaissance de soi, à l’ignorance et au mépris  des autres et comme la promesse fragile, la tâche toujours à venir d’un  don qui n’attend pas de retour. Un horizon de paix et de concorde.<br />
<a href="http://www.humanite.presse.fr/journal/2004-03-24/2004-03-24-390682">http://www.humanite.presse.fr/journal/2004-03-24/2004-03-24-390682</a> </span></p></blockquote>

<p>Les manifestations du GRAF</p>
<p> 2016 </p>
<p style="padding-left: 30px;">Symposium Plougrescant, 14-16 mai 2016</p>
<p style="padding-left: 30px;">9ème Colloque international de l&rsquo;autoformation, Angers, 26-28 octobre 2016</p>
<p> 2015 </p>
<p style="padding-left: 30px;">Symposium Plougrescant, 27-25 mai 2015</p>
<p> 2014 </p>
<p>&#8211; 8ème Colloque international de l&rsquo;autoformation : Strasbourg, 29-31 octobre 2014</p>
<p>&#8211; Autoformation, capabilities et empowerment – André Moisan le 12 février</p>
<p>&#8211; [&#8230;]</p>
