{"id":2104,"date":"2024-02-05T14:13:58","date_gmt":"2024-02-05T13:13:58","guid":{"rendered":"https:\/\/cis-h.fr\/AGRAF\/?page_id=2104"},"modified":"2024-02-05T14:13:58","modified_gmt":"2024-02-05T13:13:58","slug":"le-graf-et-la-graf-2","status":"publish","type":"page","link":"https:\/\/cis-h.fr\/AGRAF\/le-graf-et-la-graf-2\/","title":{"rendered":"Le Graf et l&rsquo;A-graf"},"content":{"rendered":"\n<h1 class=\"wp-block-heading\">\u2018Le Graf et l\u2019A-Graf\u2019<\/h1>\n\n\n\n<ul class=\"wp-block-list\">\n<li><a href=\"https:\/\/cis-h.fr\/A-GRAF\/index.htm#un\">historique du GRAF<\/a><\/li>\n\n\n\n<li>l<a href=\"https:\/\/cis-h.fr\/A-GRAF\/index.htm#text2\" target=\"_blank\" rel=\"noreferrer noopener\">es membres de l\u2019A-GRAF<\/a>\u00a0et les\u00a0<a href=\"https:\/\/cis-h.fr\/A-GRAF\/statuts.htm\" target=\"_blank\" rel=\"noreferrer noopener\">Statuts de l\u2019association<\/a><\/li>\n\n\n\n<li>voir page \u201c<a href=\"http:\/\/revue.autoformation.chez.com\/?page_id=1148\">Les rencontres du Graf<\/a>\u201c<\/li>\n<\/ul>\n\n\n\n<p>Le Graf, groupe de recherche sur l\u2019autoformation, est un groupe informel de chercheurs. L\u2019objectif de l\u2019A-Graf, association du Groupe de recherche sur l\u2019autoformation, est de faciliter les actions entreprises au nom du Graf. L\u2019association a \u201cpour but de contribuer au d\u00e9veloppement et \u00e0 la diffusion des recherches, pratiques et d\u00e9bats relatifs \u00e0 l\u2019autoformation.\u201d<\/p>\n\n\n\n<h3 class=\"wp-block-heading\">Devenez acteur du d\u00e9veloppement de l\u2019autoformation :<br>adh\u00e9rez \u00e0 l\u2019association A-Graf :<\/h3>\n\n\n\n<ul class=\"wp-block-list\">\n<li>Lire les<a href=\"http:\/\/lllearning.free-h.net\/A-GRAF\/statuts.htm\" target=\"_blank\" rel=\"noreferrer noopener\">&nbsp;statuts<\/a><\/li>\n\n\n\n<li>Envoyer une demande d\u2019adh\u00e9sion, en s\u2019engageant \u00e0 respecter les principes ci-dessous, \u00e0 Cathy Cl\u00e9net :\u00a0<a href=\"mailto:catherine.clenet@club-internet.fr\">catherine.clenet@club-internet.fr<\/a>\n<ol class=\"wp-block-list\">\n<li>Avoir produit des recherches sur l\u2019autoformation<\/li>\n\n\n\n<li>Vouloir faire progresser le paradigme de l\u2019autoformation<\/li>\n\n\n\n<li>Privil\u00e9gier l\u2019actoriel sur l\u2019institutionnel<\/li>\n\n\n\n<li>S\u2019engager \u00e0 participer aux \u00e9changes de l\u2019association<\/li>\n\n\n\n<li>Avoir un agir autonomisant pour soi et pour les autres<\/li>\n<\/ol>\n<\/li>\n\n\n\n<li>Apr\u00e8s accord du&nbsp;<em>Bureau de l\u2019association<\/em>, vous recevrez une confirmation.<\/li>\n\n\n\n<li>L\u2019adh\u00e9sion d\u00e9finitive sera acquise apr\u00e8s l\u2019envoi d\u2019un ch\u00e8que d\u2019un montant de 35 \u20ac&nbsp; au Tr\u00e9sorier de l\u2019association<\/li>\n<\/ul>\n","protected":false},"excerpt":{"rendered":"<p> \u2018Le Graf et l\u2019A-Graf\u2019 historique du GRAF les membres de l\u2019A-GRAF et les Statuts de l\u2019association voir page \u201cLes rencontres du Graf\u201c <\/p>\n<p>Le Graf, groupe de recherche sur l\u2019autoformation, est un groupe informel de chercheurs. L\u2019objectif de l\u2019A-Graf, association du Groupe de recherche sur l\u2019autoformation, est de faciliter les actions entreprises au nom du [&#8230;]<\/p>\n","protected":false},"author":1,"featured_media":0,"parent":0,"menu_order":0,"comment_status":"closed","ping_status":"closed","template":"","meta":{"footnotes":""},"class_list":["post-2104","page","type-page","status-publish","hentry","odd"],"_links":{"self":[{"href":"https:\/\/cis-h.fr\/AGRAF\/wp-json\/wp\/v2\/pages\/2104","targetHints":{"allow":["GET"]}}],"collection":[{"href":"https:\/\/cis-h.fr\/AGRAF\/wp-json\/wp\/v2\/pages"}],"about":[{"href":"https:\/\/cis-h.fr\/AGRAF\/wp-json\/wp\/v2\/types\/page"}],"author":[{"embeddable":true,"href":"https:\/\/cis-h.fr\/AGRAF\/wp-json\/wp\/v2\/users\/1"}],"replies":[{"embeddable":true,"href":"https:\/\/cis-h.fr\/AGRAF\/wp-json\/wp\/v2\/comments?post=2104"}],"version-history":[{"count":1,"href":"https:\/\/cis-h.fr\/AGRAF\/wp-json\/wp\/v2\/pages\/2104\/revisions"}],"predecessor-version":[{"id":2105,"href":"https:\/\/cis-h.fr\/AGRAF\/wp-json\/wp\/v2\/pages\/2104\/revisions\/2105"}],"wp:attachment":[{"href":"https:\/\/cis-h.fr\/AGRAF\/wp-json\/wp\/v2\/media?parent=2104"}],"curies":[{"name":"wp","href":"https:\/\/api.w.org\/{rel}","templated":true}]}}