{"id":961,"date":"2012-02-01T08:45:23","date_gmt":"2012-02-01T07:45:23","guid":{"rendered":"http:\/\/revue.autoformation.chez.com\/?page_id=961"},"modified":"2012-02-01T08:45:23","modified_gmt":"2012-02-01T07:45:23","slug":"3-faire-des-recherches-sur-lautoformation","status":"publish","type":"page","link":"https:\/\/cis-h.fr\/AGRAF\/3-faire-des-recherches-sur-lautoformation\/","title":{"rendered":"S&rsquo;engager dans des recherches"},"content":{"rendered":"<p><strong>\u00c9tudier la notion d&rsquo;autoformation<\/strong>, \u00e0 la suite de Gaston Pineau,\u00a0 suivant le quadruple point de vue : m\u00e9thodologique, axiologique, \u00e9pist\u00e9mologique, prax\u00e9ologique. Mais aussi, comme le souhaitait Henri Desroches, \u00eatre en \u00ab\u00a0recherche permanente\u00a0\u00bb et, irriguer les pratiques du fait d&rsquo;une meilleure compr\u00e9hension de la notion par le syst\u00e8me acad\u00e9mique :<\/p>\n<ul>\n<li><a href=\"http:\/\/lllearning.free-h.net\/A-GRAF\/documents\/livres\/livre_autoformation_2.htm\" target=\"_blank\" rel=\"noopener\">Perspective de la recherche<\/a><\/li>\n<li><a href=\"http:\/\/lllearning.free-h.net\/A-GRAF\/textes.htm\" target=\"_blank\" rel=\"noopener\">Textes, ouvrages, articles<\/a><\/li>\n<li><a href=\"http:\/\/lllearning.free-h.net\/A-GRAF\/Textes\/textes_dagrafistes.htm\" target=\"_blank\" rel=\"noopener\">Textes d&rsquo;agrafistes<\/a><\/li>\n<\/ul>\n<p>Th\u00e8mes abord\u00e9s dans les textes accessibles sur ce site<\/p>\n<ul>\n<li>Accompagnement<br \/>\n<a href=\"http:\/\/lllearning.free-h.net\/A-GRAF\/Textes\/agrafistes\/barbot_marie-jo.htm\" target=\"_blank\" rel=\"noopener\">Barbot<\/a>, <a href=\"http:\/\/lllearning.free-h.net\/A-GRAF\/Textes\/agrafistes\/bezille-h.htm\" target=\"_blank\" rel=\"noopener\">B\u00e9zille<\/a>, <a href=\"http:\/\/lllearning.free-h.net\/A-GRAF\/Textes\/agrafistes\/clenet_c.htm\" target=\"_blank\" rel=\"noopener\">Cl\u00e9net<\/a>, <a href=\"http:\/\/lllearning.free-h.net\/A-GRAF\/Textes\/agrafistes\/denoyel_n.htm\" target=\"_blank\" rel=\"noopener\">Denoyel<\/a>, <a href=\"http:\/\/lllearning.free-h.net\/A-GRAF\/Textes\/agrafistes\/paquelin_d.htm\" target=\"_blank\" rel=\"noopener\">Paquelin<\/a><\/li>\n<li>Apprendre<br \/>\n<a href=\"http:\/\/lllearning.free-h.net\/A-GRAF\/Textes\/agrafistes\/carre_ph_.htm\" target=\"_blank\" rel=\"noopener\">Carr\u00e9<\/a>, <a href=\"http:\/\/lllearning.free-h.net\/A-GRAF\/Textes\/agrafistes\/mlekuz_g.htm\" target=\"_blank\" rel=\"noopener\">Ml\u00e9kuz<\/a><\/li>\n<li>Autonomie<br \/>\n<a href=\"http:\/\/lllearning.free-h.net\/A-GRAF\/Textes\/agrafistes\/barbot_marie-jo.htm\" target=\"_blank\" rel=\"noopener\">Barbot<\/a>, <a href=\"http:\/\/lllearning.free-h.net\/A-GRAF\/Textes\/agrafistes\/melyani_m.htm\" target=\"_blank\" rel=\"noopener\">Melyani<\/a>, <a href=\"http:\/\/lllearning.free-h.net\/A-GRAF\/Textes\/agrafistes\/montuori_c_.htm\" target=\"_blank\" rel=\"noopener\">Montuori<\/a><\/li>\n<li>Complexit\u00e9<br \/>\n<a href=\"http:\/\/lllearning.free-h.net\/A-GRAF\/Textes\/agrafistes\/gigand_g.htm\" target=\"_blank\" rel=\"noopener\">Gigand<\/a><\/li>\n<li>Dispositifs<br \/>\n<a href=\"http:\/\/lllearning.free-h.net\/A-GRAF\/Textes\/agrafistes\/alava_s_.htm\" target=\"_blank\" rel=\"noopener\">Alava<\/a>, <a href=\"http:\/\/lllearning.free-h.net\/A-GRAF\/Textes\/agrafistes\/debon_c.htm\" target=\"_blank\" rel=\"noopener\">Debon<\/a>, <a href=\"http:\/\/lllearning.free-h.net\/A-GRAF\/Textes\/agrafistes\/garcia_r-e.htm\" target=\"_blank\" rel=\"noopener\">Garcia<\/a>, <a href=\"http:\/\/lllearning.free-h.net\/A-GRAF\/Textes\/agrafistes\/glikman_viviane.htm\" target=\"_blank\" rel=\"noopener\">Glikman<\/a>, <a href=\"http:\/\/lllearning.free-h.net\/A-GRAF\/Textes\/agrafistes\/jezegou_a.htm\" target=\"_blank\" rel=\"noopener\">J\u00e9z\u00e9gou<\/a>, <a href=\"http:\/\/lllearning.free-h.net\/A-GRAF\/Textes\/agrafistes\/landry_p.htm\" target=\"_blank\" rel=\"noopener\">Landry<\/a>, <a href=\"http:\/\/lllearning.free-h.net\/A-GRAF\/Textes\/agrafistes\/lameul_g.htm\" target=\"_blank\" rel=\"noopener\">Lameul<\/a>, <a href=\"http:\/\/lllearning.free-h.net\/A-GRAF\/Textes\/agrafistes\/paquelin_d.htm\" target=\"_blank\" rel=\"noopener\">Paquelin<\/a>, <a href=\"http:\/\/lllearning.free-h.net\/A-GRAF\/Textes\/agrafistes\/safourcade_s_.htm\" target=\"_blank\" rel=\"noopener\">Safourcade<\/a><\/li>\n<li>Exp\u00e9rience<br \/>\n<a href=\"http:\/\/lllearning.free-h.net\/A-GRAF\/Textes\/agrafistes\/bezille-h.htm\" target=\"_blank\" rel=\"noopener\">B\u00e9zille<\/a>, <a href=\"http:\/\/lllearning.free-h.net\/A-GRAF\/Textes\/agrafistes\/clenet_c.htm\" target=\"_blank\" rel=\"noopener\">Cl\u00e9net<\/a>, \u00a0<a href=\"http:\/\/lllearning.free-h.net\/A-GRAF\/Textes\/agrafistes\/courtois_b.htm\" target=\"_blank\" rel=\"noopener\">Courtois<\/a>, <a href=\"http:\/\/lllearning.free-h.net\/A-GRAF\/Textes\/agrafistes\/debon_c.htm\" target=\"_blank\" rel=\"noopener\">Debon<\/a>, <a href=\"http:\/\/lllearning.free-h.net\/A-GRAF\/Textes\/agrafistes\/landry_p.htm\" target=\"_blank\" rel=\"noopener\">Landry<\/a>, <a href=\"http:\/\/lllearning.free-h.net\/A-GRAF\/Textes\/agrafistes\/melyani_m.htm\" target=\"_blank\" rel=\"noopener\">Melyani<\/a>, <a href=\"http:\/\/lllearning.free-h.net\/A-GRAF\/Textes\/agrafistes\/prevost_h.htm\" target=\"_blank\" rel=\"noopener\">Pr\u00e9vost<\/a>, <a href=\"http:\/\/lllearning.free-h.net\/A-GRAF\/Textes\/agrafistes\/verrier_c.htm\" target=\"_blank\" rel=\"noopener\">Verrier<\/a><\/li>\n<li>Motivation<br \/>\n<a href=\"http:\/\/lllearning.free-h.net\/A-GRAF\/Textes\/agrafistes\/carre_ph_.htm\" target=\"_blank\" rel=\"noopener\">Carr\u00e9<\/a><\/li>\n<li>Prise de pouvoir (empowerment)<br \/>\n<a href=\"http:\/\/lllearning.free-h.net\/A-GRAF\/Textes\/agrafistes\/barbot_marie-jo.htm\" target=\"_blank\" rel=\"noopener\">Barbot<\/a>, <a href=\"http:\/\/lllearning.free-h.net\/A-GRAF\/Textes\/agrafistes\/leguy_p.htm\" target=\"_blank\" rel=\"noopener\">Leguy<\/a><\/li>\n<li>Reconnaissance<br \/>\n<a href=\"http:\/\/lllearning.free-h.net\/A-GRAF\/Textes\/agrafistes\/debon_c.htm\" target=\"_blank\" rel=\"noopener\">Debon<\/a>, <a href=\"http:\/\/lllearning.free-h.net\/A-GRAF\/Textes\/agrafistes\/denoyel_n.htm\" target=\"_blank\" rel=\"noopener\">Denoyel<\/a>, <a href=\"http:\/\/lllearning.free-h.net\/A-GRAF\/Textes\/agrafistes\/gigand_g.htm\" target=\"_blank\" rel=\"noopener\">Gigand<\/a>, <a href=\"http:\/\/lllearning.free-h.net\/A-GRAF\/Textes\/agrafistes\/moulin_y.htm\" target=\"_blank\" rel=\"noopener\">Moulin<\/a>, <a href=\"http:\/\/lllearning.free-h.net\/A-GRAF\/Textes\/agrafistes\/paquelin_d.htm\" target=\"_blank\" rel=\"noopener\">Paquelin<\/a><\/li>\n<li>R\u00e9flexivit\u00e9<br \/>\n<a href=\"http:\/\/lllearning.free-h.net\/A-GRAF\/Textes\/agrafistes\/bertrand_e.htm\" target=\"_blank\" rel=\"noopener\">Bertrand<\/a>, <a href=\"http:\/\/www.lllearning.free-h.net\/A-GRAF\/Textes\/agrafistes\/beaudout_e_.htm\" target=\"_blank\" rel=\"noopener\">Beaudout<\/a><\/li>\n<li>Rencontres<br \/>\n<a href=\"http:\/\/lllearning.free-h.net\/A-GRAF\/Textes\/agrafistes\/barbot_marie-jo.htm\" target=\"_blank\" rel=\"noopener\">Barbot<\/a>, <a href=\"http:\/\/lllearning.free-h.net\/A-GRAF\/Textes\/agrafistes\/galvani_p.htm\" target=\"_blank\" rel=\"noopener\">Galvani<\/a>, <a href=\"http:\/\/lllearning.free-h.net\/A-GRAF\/Textes\/agrafistes\/trollat_a-f.htm\" target=\"_blank\" rel=\"noopener\">Trollat<\/a><\/li>\n<li>R\u00e9seaux sociaux<br \/>\n<a href=\"http:\/\/lllearning.free-h.net\/A-GRAF\/Textes\/agrafistes\/bremaud_l.htm\" target=\"_blank\" rel=\"noopener\">Br\u00e9maud<\/a>, <a href=\"http:\/\/lllearning.free-h.net\/A-GRAF\/Textes\/agrafistes\/pinot_b.htm\" target=\"_blank\" rel=\"noopener\">Pinot<\/a><\/li>\n<li>Transversalit\u00e9<br \/>\n<a href=\"http:\/\/lllearning.free-h.net\/A-GRAF\/Textes\/agrafistes\/paul_p.htm\" target=\"_blank\" rel=\"noopener\">Paul<\/a>, <a href=\"http:\/\/lllearning.free-h.net\/A-GRAF\/Textes\/agrafistes\/pineau_g.htm\" target=\"_blank\" rel=\"noopener\">Pineau <\/a><\/li>\n<\/ul>\n","protected":false},"excerpt":{"rendered":"<p>\u00c9tudier la notion d&rsquo;autoformation, \u00e0 la suite de Gaston Pineau, suivant le quadruple point de vue : m\u00e9thodologique, axiologique, \u00e9pist\u00e9mologique, prax\u00e9ologique. Mais aussi, comme le souhaitait Henri Desroches, \u00eatre en \u00ab recherche permanente \u00bb et, irriguer les pratiques du fait d&rsquo;une meilleure compr\u00e9hension de la notion par le syst\u00e8me acad\u00e9mique :<\/p>\n<p> Perspective de la recherche [&#8230;]<\/p>\n","protected":false},"author":2,"featured_media":0,"parent":0,"menu_order":4,"comment_status":"open","ping_status":"open","template":"","meta":{"footnotes":""},"class_list":["post-961","page","type-page","status-publish","hentry","odd"],"_links":{"self":[{"href":"https:\/\/cis-h.fr\/AGRAF\/wp-json\/wp\/v2\/pages\/961","targetHints":{"allow":["GET"]}}],"collection":[{"href":"https:\/\/cis-h.fr\/AGRAF\/wp-json\/wp\/v2\/pages"}],"about":[{"href":"https:\/\/cis-h.fr\/AGRAF\/wp-json\/wp\/v2\/types\/page"}],"author":[{"embeddable":true,"href":"https:\/\/cis-h.fr\/AGRAF\/wp-json\/wp\/v2\/users\/2"}],"replies":[{"embeddable":true,"href":"https:\/\/cis-h.fr\/AGRAF\/wp-json\/wp\/v2\/comments?post=961"}],"version-history":[{"count":0,"href":"https:\/\/cis-h.fr\/AGRAF\/wp-json\/wp\/v2\/pages\/961\/revisions"}],"wp:attachment":[{"href":"https:\/\/cis-h.fr\/AGRAF\/wp-json\/wp\/v2\/media?parent=961"}],"curies":[{"name":"wp","href":"https:\/\/api.w.org\/{rel}","templated":true}]}}